base 13, what is 4 - -9a?
a1
In base 14, what is 120 - 1?
11d
In base 2, what is 1011111 + 11101?
1111100
In base 13, what is -c07 - 4?
-c0b
In base 11, what is 0 + -1547?
-1547
In base 7, what is -16115 + -1?
-16116
In base 10, what is 3 - 629?
-626
In base 8, what is 2 + -110?
-106
In base 9, what is -5 - -124?
118
In base 9, what is 175 + 27?
213
In base 8, what is 66 - 12?
54
In base 13, what is 49 + -12?
37
In base 16, what is 0 + 7a9?
7a9
In base 6, what is 335114 + 2?
335120
In base 4, what is 11 - 212?
-201
In base 8, what is 15 + 55?
72
In base 3, what is -1 - 20?
-21
In base 4, what is -10 + 1310?
1300
In base 9, what is 7 - 64?
-56
In base 12, what is -12 - -2?
-10
In base 6, what is -2 + 32?
30
In base 5, what is 3 - 240?
-232
In base 13, what is 0 + 64a?
64a
In base 8, what is 13 + 106?
121
In base 14, what is -37 + 3?
-34
In base 3, what is -12022000 + -2?
-12022002
In base 2, what is 10 - 101101?
-101011
In base 13, what is -4 + -27b8?
-27bc
In base 3, what is 12 - 1001?
-212
In base 6, what is -303 + 41?
-222
In base 11, what is -380 - 0?
-380
In base 6, what is 2001 - 1?
2000
In base 3, what is -1 + -102?
-110
In base 4, what is -2 - -1122?
1120
In base 10, what is 73 - -4?
77
In base 16, what is 22c - 0?
22c
In base 2, what is 10000 + 10001011?
10011011
In base 6, what is -3 + 33102?
33055
In base 11, what is 2a - -3?
32
In base 11, what is -4 - -200?
1a7
In base 2, what is -100 - -1000110111011?
1000110110111
In base 5, what is -2 + 3332?
3330
In base 7, what is -55 + 116?
31
In base 16, what is 24e - -6?
254
In base 13, what is 11 - c0?
-ac
In base 10, what is 8 + 114?
122
In base 10, what is 2911 + 2?
2913
In base 16, what is -4 - 3b?
-3f
In base 14, what is 90 + -4?
8a
In base 8, what is 3455 - -1?
3456
In base 16, what is 1f - 10?
f
In base 3, what is 112201 - 11?
112120
In base 4, what is 210 - 3?
201
In base 7, what is -4 + 32?
25
In base 11, what is 11 + 374?
385
In base 15, what is -3 + -26?
-29
In base 4, what is 10 - -31?
101
In base 4, what is 111 + -11111?
-11000
In base 6, what is -3 - 133?
-140
In base 11, what is 5 - -15?
1a
In base 14, what is 0 + -15?
-15
In base 8, what is -66 + -3?
-71
In base 2, what is 1001000011 + -111?
1000111100
In base 3, what is -102 + -2?
-111
In base 3, what is 1 - 200001?
-200000
In base 9, what is -1123 + 0?
-1123
In base 7, what is -3624 + -5?
-3632
In base 7, what is -115 + 4?
-111
In base 3, what is 101000 + -100?
100200
In base 10, what is 4 - 765?
-761
In base 3, what is 1 - -21020?
21021
In base 8, what is 5 - -773?
1000
In base 16, what is c79 - 4?
c75
In base 5, what is 10 - 4111?
-4101
In base 7, what is 23203 - 4?
23166
In base 3, what is 0 + -22120?
-22120
In base 9, what is -161 + -1?
-162
In base 3, what is -10200 + 2?
-10121
In base 5, what is 2 + -1413?
-1411
In base 8, what is 3 - 65?
-62
In base 6, what is 402 - 13?
345
In base 3, what is -1 - -102121112?
102121111
In base 5, what is 3 - -321?
324
In base 15, what is 0 + 2a?
2a
In base 4, what is -13 + -213?
-232
In base 15, what is -141 + -1?
-142
In base 4, what is -30 + -22130?
-22220
In base 11, what is -75 - -1?
-74
In base 6, what is 1010 - -3?
1013
In base 9, what is -18 - -256?
237
In base 3, what is 11101 + 1112?
12220
In base 9, what is 2 + 3736?
3738
In base 10, what is -3 - 288?
-291
In base 2, what is -10101011 + 1000?
-10100011
In base 5, what is -113330 + -4?
-113334
In base 2, what is -100 + 10100110?
10100010
In base 12, what is 1b + 165?
184
In base 12, what is -1 - -124a?
1249
In base 16, what is -7 - 1?
-8
In base 3, what is 112 - 1012?
-200
In base 5, what is 20 - -12?
32
In base 3, what is 1011011 + -11?
1011000
In base 5, what is 42 - 22?
20
In base 16, what is -7 - -a?
3
In base 2, what is -100 + -1110101?
-1111001
In base 15, what is 4 - -3b?
40
In base 5, what is 1 + -1410?
-1404
In base 4, what is 130 + 30?
220
In base 14, what is -31 - -17c?
14b
In base 9, what is 3 + 644?
647
In base 11, what is -4 + -2219?
-2222
In base 15, what is 11 + -4?
c
In base 11, what is -9 + -1?
-a
In base 7, what is -2421 + -13?
-2434
In base 10, what is 1 - -89?
90
In base 6, what is 124 + 0?
124
In base 15, what is 1 - bc?
-bb
In base 5, what is -1 + 220?
214
In base 9, what is 21 + 320?
341
In base 13, what is b08 + 4?
b0c
In base 3, what is 10100202 - 12?
10100120
In base 11, what is -1 + -34?
-35
In base 7, what is -235 + 0?
-235
In base 2, what is 110 - 11?
11
In base 10, what is 1015 + -2?
1013
In base 15, what is -3 - -465?
462
In base 15, what is -2 - -c?
a
In base 6, what is -1 - -15545?
15544
In base 15, what is 14c + 5?
152
In base 13, what is 4 + -15?
-11
In base 15, what is -a + 30?
25
In base 13, what is -5 - -1990?
1988
In base 11, what is 5 + 427?
431
In base 4, what is 20102 - -33?
20201
In base 2, what is -1111110101101 - -1?
-1111110101100
In base 2, what is -11 + 1011000?
1010101
In base 8, what is -2 - -254?
252
In base 6, what is -41 + 5?
-32
In base 14, what is -913 - -5?
-90c
In base 4, what is -3 + 11300?
11231
In base 10, what is -2513 + -4?
-2517
In base 11, what is 0 - 6?
-6
In base 12, what is -6a - 5?
-73
In base 10, what is -28 + 269?
241
In base 9, what is -54 - -84?
30
In base 2, what is 1 - 11010101?
-11010100
In base 15, what is 10 - -4?
14
In base 8, what is 1 - 503?
-502
In base 13, what is -95 + -5b?
-123
In base 5, what is -2 - -20303?
20301
In base 8, what is 7 + 20?
27
In base 7, what is -2 - 1246?
-1251
In base 16, what is a2a - -3?
a2d
In base 5, what is 4334 + 12?
4401
In base 16, what is -93 + -d?
-a0
In base 6, what is 2 - -12?
14
In base 7, what is -261 + -6?
-300
In base 2, what is -11 + 101110010110?
101110010011
In base 10, what is 82 + 18?
100
In base 13, what is 362 + 1?
363
In base 15, what is 4 - 55?
-51
In base 3, what is 220012 + -2?
220010
In base 8, what is 2776 + 0?
2776
In base 15, what is -ca - 0?
-ca
In base 15, what is 5 - 3e2?
-3dc
In base 8, what is 6517 + 1?
6520
In base 8, what is -7 + -263?
-272
In base 16, what is 19f + -17?
188
In base 3, what is 2220122 - 1?
2220121
In base 3, what is 1 + -2201211?
-2201210
In base 8, what is 60 + 0?
60
In base 8, what is 3273 + 1?
3274
In base 15, what is 1 - -107?
108
In base 5, what is -4122 + 3?
-4114
In base 9, what is 77 - -86?
174
In base 12, what is -3b + -7?
-46
In base 3, what is -10 - 1122?
-1202
In base 16, what is 1 + -a2?
-a1
In base 9, what is -6721 - 0?
-6721
In base 14, what is -5 + 4?
-1
In base 14, what is b + 286?
293
In base 15, what is 81 + -5?
7b
In base 2, what is -10101000011 - 101?
-10101001000
In base 5, what is -103 + -231?
-334
In base 9, what is -4 + 56?
52
In base 15, what is -3 + -59?
-5c
In base 7, what is 164 - -10?
204
In base 16, what is -8 - f?
-17
In base 6, what is -23 + -240?
-303
In base 7, what is 1 + -143?
-142
In base 5, what is 431 - 1023?
-42
In base 5, what is 0 - 20?
-20
In base 12, what is -2390b - 2?
-23911
In base 11, what is 4 - 409?
-405
In base 15, what is 0 - 28d?
-28d
In base 11, what is -3 - -109?
106
In base 2, what is 100001 + 101?
100110
In base 2, what is -10 - 100100111110?
-100101000000
In base 5, what is 3 + -213?
-210
In base 4, what is -30 + -103?
-133
In base 15, what is -19b + 0?
-19b
In base 5, what is 243 + -342?
-44
In base 16, what is fe1 - -4?
fe5
In base 13, what is -2c - 4?
-33
In base 2, what is 100011001011 + 0?
100011001011
In base 9, what is 13 - 0?
13
In base 2, what is -10 + -110111?
-111001
In base 14, what is -1 - 2?
-3
In base 5, what is 14 - 213?
-144
In base 12, what is 0 - 711?
-711
In base 5, what is -3021 + 210?
-2311
In base 9, what is -36 + 33?
-3
In base 7, what is -1316 + -14?
-1333
In base 3, what is -1112120 + -21?
-1112211
In base 6, what is -1341 - -5?
-1332
In base 5, what is -101324 - -2?
-101322
In base 15, what is -6e - 27?
-96
In base 13, what is 4 - -22?
26
In base 10, what is -5 + -5678?
-5683
In base 5, what is -221 - -2112?
1341
In base 10, what is -102 + 2?
-100
In base 10, what is -438 - 1?
-439
In base 2, what is -110100110 - -10?
-110100100
In base 7, what is 113 + 2?
115
In base 4, what is -11 - 230?
-301
In base 11, what is -3 - -4?
1
In base 6, what is -1253 + 24?
-1225
In base 7, what is -305 - -1?
-304
In base 8, what is -4 - -530?
524
In base 15, what is 145 + -5?
140
In base 6, what